t 7c (base 16) to base 10.
124
Convert -25325 (base 10) to base 7.
-133556
1100110101111010 (base 2) to base 5
3140402
214 (base 16) to base 6
2244
Convert 2134 (base 7) to base 8.
1370
Convert -41b3 (base 14) to base 13.
-5206
What is 146 (base 11) in base 15?
b6
What is 123233 (base 9) in base 11?
51013
6024 (base 7) to base 2
100000011100
Convert 1a5 (base 14) to base 13.
203
Convert 1934 (base 14) to base 15.
1539
-15320 (base 6) to base 8
-4700
What is -1111110000 (base 2) in base 11?
-837
Convert -1187 (base 10) to base 7.
-3314
What is 5100 (base 7) in base 9?
2370
-30013 (base 4) to base 8
-1407
Convert -1030203 (base 4) to base 2.
-1001100100011
What is 2122 (base 4) in base 5?
1104
-16625 (base 7) to base 3
-20112202
Convert 119 (base 11) to base 13.
ab
Convert -10110010 (base 2) to base 3.
-20121
Convert 23390 (base 11) to base 13.
12482
What is d21 (base 15) in base 10?
2956
What is -9776 (base 13) in base 15?
-6388
What is 111221201 (base 3) in base 10?
10171
What is db (base 15) in base 16?
ce
Convert 16525 (base 10) to base 15.
4d6a
Convert -23345 (base 7) to base 4.
-1131323
6222 (base 10) to base 16
184e
What is 5632 (base 7) in base 14?
a52
What is 1002 (base 6) in base 11?
189
-71 (base 11) to base 8
-116
Convert -444215 (base 6) to base 4.
-21011303
Convert 27d (base 16) to base 7.
1600
Convert -11011010000 (base 2) to base 14.
-8c8
What is 4c (base 14) in base 4?
1010
Convert 12b9c (base 13) to base 8.
104177
20030101 (base 4) to base 16
8311
What is 10200220 (base 3) in base 6?
20253
What is 232 (base 10) in base 7?
451
52 (base 13) to base 6
151
What is 1011210211 (base 3) in base 8?
55224
What is 2212020 (base 3) in base 16?
825
233543 (base 6) to base 16
4f47
16351 (base 13) to base 5
2323231
-23cd2 (base 14) to base 12
-42840
Convert 176 (base 9) to base 11.
127
Convert -1111001010 (base 2) to base 3.
-1022221
What is -1142230 (base 5) in base 4?
-11100331
What is -100200011 (base 3) in base 9?
-10604
Convert -10011100001000 (base 2) to base 11.
-7564
What is 53 (base 14) in base 9?
81
2214 (base 5) to base 10
309
What is 174 (base 13) in base 5?
2024
12342 (base 6) to base 16
746
1200120 (base 3) to base 13
738
Convert -19a61 (base 11) to base 6.
-333053
Convert 3f6 (base 16) to base 9.
1346
35402 (base 6) to base 3
21000102
Convert -3a5 (base 13) to base 10.
-642
Convert 610 (base 11) to base 2.
1011100001
47c7 (base 13) to base 4
2132112
What is ba94 (base 13) in base 10?
25978
What is -47 (base 16) in base 5?
-241
What is -4434 (base 9) in base 16?
-cc7
What is 365 (base 15) in base 4?
30002
Convert 45a5 (base 12) to base 15.
2472
75a4 (base 16) to base 3
1112022102
1a43 (base 13) to base 10
3942
Convert -800 (base 9) to base 3.
-220000
-1112021 (base 3) to base 2
-10001011010
-10c3 (base 16) to base 9
-5787
36743 (base 8) to base 14
5ab9
What is -2356 (base 9) in base 4?
-123120
92a (base 14) to base 7
5153
Convert -24ba (base 14) to base 3.
-22211101
-166 (base 7) to base 2
-1100001
Convert 4f20 (base 16) to base 15.
6006
-12845 (base 9) to base 4
-2020010
What is -8a (base 15) in base 3?
-11211
-15f71 (base 16) to base 9
-146365
Convert 312144 (base 5) to base 6.
115403
211121 (base 3) to base 9
747
-651 (base 9) to base 10
-532
What is -6c61 (base 16) in base 12?
-14081
What is -225 (base 10) in base 11?
-195
132230 (base 6) to base 9
17640
Convert -544021 (base 6) to base 11.
-30846
Convert 1c44 (base 15) to base 11.
4681
What is 9a (base 12) in base 3?
11101
Convert 1554 (base 11) to base 3.
2201220
-36852 (base 11) to base 9
-80545
Convert c (base 13) to base 15.
c
537 (base 9) to base 10
439
100000001100101 (base 2) to base 8
40145
Convert 20c9 (base 15) to base 14.
2759
What is 2236 (base 11) in base 4?
231333
629 (base 12) to base 2
1110000001
-1553 (base 10) to base 11
-1192
What is -2d0a (base 16) in base 10?
-11530
-2014 (base 10) to base 3
-2202121
-52998 (base 11) to base 2
-10010110100000111
42b (base 13) to base 16
2c9
Convert 1750 (base 9) to base 15.
5e6
Convert 576 (base 13) to base 5.
12232
-10568 (base 9) to base 2
-1101101110100
1593 (base 12) to base 9
3453
6525 (base 7) to base 9
3160
1011011100 (base 2) to base 8
1334
What is -30116 (base 12) in base 5?
-3443440
Convert 2504 (base 9) to base 5.
24432
3288 (base 11) to base 14
1815
-675 (base 12) to base 11
-797
-254 (base 6) to base 11
-97
Convert a6b0 (base 14) to base 9.
43416
What is -247 (base 12) in base 4?
-11113
Convert b02 (base 15) to base 14.
c8d
Convert -15a7 (base 13) to base 15.
-e1e
What is -3c (base 14) in base 15?
-39
What is -a1c (base 15) in base 14?
-b89
Convert 304324 (base 5) to base 9.
14601
What is -2134 (base 5) in base 12?
-206
Convert 132601 (base 7) to base 3.
1021021121
-11110010010 (base 2) to base 12
-1156
501 (base 9) to base 3
120001
What is -559 (base 11) in base 15?
-2e9
Convert ab (base 13) to base 3.
12020
Convert -1127 (base 8) to base 6.
-2435
What is -15463 (base 7) in base 9?
-5871
Convert -124a (base 14) to base 8.
-6202
Convert -101122 (base 3) to base 12.
-1bb
-bd4c (base 15) to base 8
-116272
21 (base 6) to base 10
13
339 (base 14) to base 10
639
What is -206a (base 13) in base 12?
-2716
-391a (base 12) to base 16
-1966
Convert -11100111101 (base 2) to base 4.
-130331
-2103 (base 6) to base 15
-216
What is -112201 (base 3) in base 15?
-1b7
-110110100011111 (base 2) to base 13
-c93b
1bc85 (base 15) to base 14
25019
Convert -100011101 (base 2) to base 4.
-10131
-87cd (base 16) to base 8
-103715
-100131102 (base 4) to base 14
-1a7d0
Convert 10972 (base 12) to base 3.
1010100012
220 (base 5) to base 15
40
-922 (base 11) to base 2
-10001011001
What is -13406 (base 7) in base 12?
-2128
What is 20213 (base 4) in base 12?
39b
Convert 11e (base 15) to base 10.
254
What is 861 (base 13) in base 6?
10343
What is 55a (base 11) in base 8?
1236
What is -241101 (base 5) in base 13?
-4089
Convert 855 (base 16) to base 8.
4125
b2 (base 14) to base 13
c0
161 (base 8) to base 2
1110001
4b66 (base 13) to base 5
320411
What is 100111000010 (base 2) in base 10?
2498
What is -529 (base 12) in base 11?
-625
What is 6126 (base 8) in base 5?
100113
What is -242a (base 11) in base 10?
-3178
What is -3442 (base 8) in base 15?
-81b
Convert -1342422 (base 5) to base 7.
-144142
Convert -1477 (base 13) to base 7.
-11443
23011 (base 6) to base 2
110010101111
What is 300022 (base 5) in base 16?
24ab
What is 3532 (base 7) in base 14?
689
Convert b6 (base 12) to base 11.
116
1003 (base 8) to base 11
429
Convert 855e (base 16) to base 7.
201353
Convert 105252 (base 9) to base 3.
10012021202
What is 11412 (base 5) in base 12?
5b5
What is 354231 (base 6) in base 16?
782b
What is 686 (base 12) in base 6?
4250
What is 45578 (base 10) in base 3?
2022112002
-c581 (base 16) to base 2
-1100010110000001
What is 2020000 (base 3) in base 16?
654
Convert -13023 (base 4) to base 15.
-209
Convert -158 (base 13) to base 15.
-112
What is -2631 (base 8) in base 11?
-1093
Convert 5419 (base 10) to base 12.
3177
Convert 20031 (base 4) to base 3.
201110
What is -1a7a (base 12) in base 7?
-12340
What is 851 (base 16) in base 2?
100001010001
Convert 13574 (base 15) to base 16.
f220
What is -224 (base 15) in base 9?
-587
What is -10100110010 (base 2) in base 8?
-2462
What is -3300 (base 4) in base 7?
-462
What is -34 (base 7) in base 8?
-31
310122 (base 4) to base 15
ed9
What is 7a (base 11) in base 13?
69
Convert -101000000 (base 2) to base 3.
-102212
What is 5135 (base 7) in base 4?
123332
What is 2346 (base 7) in base 13?
519
-100020201 (base 3) to base 2
-1101001010110
-907a (base 11) to base 15
-3896
Convert -24110 (base 5) to base 14.
-912
Convert -12b9 (base 13) to base 16.
-a7f
5100 (base 9) to base 2
111010001110
-365 (base 12) to base 8
-775
Convert -4240 (base 8) to base 13.
-100b
What is -3144 (base 7) in base 9?
-1463
Convert 102541 (base 6) to base 16.
20dd
Convert -3ddd (base 14) to base 9.
-16044
Convert -1a798 (base 14) to base 3.
-10102101220
What is -3540 (base 6) in base 2?
-1101010100
Convert -1113312 (base 4) to base 10.
-5622
What is 4470 (base 12) in base 13?
35a6
What is -10722 (base 9) in base 7?
-26561
What is bc (base 14) in base 7?
325
What is 311 (base 9) in base 12?
191
Convert 1aaa (base 14) to base 6.
34250
Convert -